at is 20 - -49205?
49225
In base 2, what is -11 - 10011110111001?
-10011110111100
In base 3, what is -10 - 10021022?
-10021102
In base 5, what is 4103 - -2023?
11131
In base 13, what is 9aa4 - -8?
9aac
In base 2, what is -101011011 + 110110110?
1011011
In base 11, what is -2aa + 150?
-15a
In base 16, what is -399 - -70?
-329
In base 13, what is 1223 + b1?
1304
In base 13, what is 143 + -b9?
57
In base 12, what is -1219 + 50?
-1189
In base 15, what is -2c27 + -b?
-2c33
In base 12, what is -15b53 + 1?
-15b52
In base 14, what is 1 - 9420?
-941d
In base 3, what is -22 + 102122?
102100
In base 2, what is 100 + -1100010010011110011?
-1100010010011101111
In base 11, what is 39 + 10?
49
In base 8, what is 2 + 20044?
20046
In base 11, what is -162819 - 5?
-162823
In base 6, what is 3 + 1215122?
1215125
In base 13, what is 171139 - 5?
171134
In base 11, what is -9183 + 10?
-9173
In base 5, what is 2441324002 - -1?
2441324003
In base 16, what is 568a - 1?
5689
In base 11, what is 879 + 11?
88a
In base 13, what is -20703 - 5?
-20708
In base 10, what is 980 - -115?
1095
In base 9, what is -84768 - 0?
-84768
In base 5, what is -4234003 - 2?
-4234010
In base 3, what is -10012121212 + 1?
-10012121211
In base 14, what is 1 - 3307?
-3306
In base 13, what is 1a0c75 + 4?
1a0c79
In base 11, what is 615 - 302?
313
In base 7, what is -112 - 5024?
-5136
In base 4, what is -13 + -3131320?
-3131333
In base 3, what is -10200221110 - -10?
-10200221100
In base 7, what is 13600 - 1?
13566
In base 8, what is 0 + 626247?
626247
In base 14, what is -132d2 + 0?
-132d2
In base 6, what is 2052 + 34?
2130
In base 2, what is 1011000101001 - 10010101?
1010110010100
In base 7, what is 6364132 + -3?
6364126
In base 6, what is -144230 - -11?
-144215
In base 7, what is -6 - 12561?
-12600
In base 15, what is -3c51a + 6?
-3c514
In base 4, what is 1200113 + -1320?
1132133
In base 9, what is 0 - 44373?
-44373
In base 14, what is 2b2 - -86?
358
In base 9, what is 7375 + 280?
7665
In base 6, what is -1 - -13140332?
13140331
In base 4, what is -1 + 3100102?
3100101
In base 15, what is -42 - -1214?
11c2
In base 13, what is -95148 + -1?
-95149
In base 5, what is 4142 - 131?
4011
In base 5, what is 134012200 - -10?
134012210
In base 7, what is -1301655 - 4?
-1301662
In base 2, what is -1101 + -101011001100010111?
-101011001100100100
In base 3, what is 102212222 + 100?
102220022
In base 8, what is 146 + -32?
114
In base 15, what is -1728c8 + 2?
-1728c6
In base 6, what is -334423 - -151?
-334232
In base 11, what is 5 - -17a90?
17a95
In base 4, what is 20 - 3222121?
-3222101
In base 12, what is -3210 + 437?
-2995
In base 2, what is 1 - -11001111111000?
11001111111001
In base 14, what is -37424 - 5?
-37429
In base 12, what is 1200 - 282?
b3a
In base 2, what is -11 + -11101010100110?
-11101010101001
In base 13, what is -4 + -cb024?
-cb028
In base 14, what is 4dd41 - -2?
4dd43
In base 6, what is 20 + -1035?
-1015
In base 9, what is -1240 - 1018?
-2258
In base 10, what is 6 + -5111?
-5105
In base 15, what is 994a63 + -1?
994a62
In base 9, what is 0 + 852711?
852711
In base 10, what is 473711 - 0?
473711
In base 15, what is -19dd - -1a?
-19c3
In base 9, what is -12 - 60585?
-60607
In base 3, what is 22111 - -10120?
110001
In base 5, what is 2 - -10332?
10334
In base 3, what is -2222211201 - -12?
-2222211112
In base 16, what is -15 - -f12?
efd
In base 12, what is 0 - 1098?
-1098
In base 6, what is -31553 + -33?
-32030
In base 12, what is -4a477 + -2?
-4a479
In base 13, what is -a787 - 60?
-a817
In base 11, what is -6431 - -33a?
-60a2
In base 9, what is -36814 - 0?
-36814
In base 12, what is -1 + 38b7?
38b6
In base 14, what is 7850 + -4?
784a
In base 13, what is 1 - -1a9b93?
1a9b94
In base 7, what is -5 + 112305?
112300
In base 14, what is 5 - 201cc?
-201c7
In base 4, what is 211333312 - -2?
211333320
In base 4, what is -31232 - 11301?
-103133
In base 15, what is -22 + d8?
b6
In base 6, what is 3 - 22222?
-22215
In base 2, what is 11 - 111011110110110011?
-111011110110110000
In base 12, what is -251053 + 4?
-25104b
In base 16, what is 11eb + 11?
11fc
In base 15, what is -1bb0d2 + -4?
-1bb0d6
In base 7, what is 53 + 46354?
46440
In base 7, what is 462116 - 3?
462113
In base 12, what is ab2 - -5b?
b51
In base 10, what is 1100361 - 3?
1100358
In base 16, what is -d02fb - 1?
-d02fc
In base 3, what is 120102121 - 101?
120102020
In base 11, what is 38191 + 2?
38193
In base 11, what is -48367 + 4?
-48363
In base 3, what is -11 + 110020011220?
110020011202
In base 14, what is 4d1 + 3c8?
8b9
In base 12, what is 20 + -13675?
-13655
In base 9, what is -430474 + -2?
-430476
In base 13, what is 3712 - 1?
3711
In base 9, what is 0 + -766127?
-766127
In base 11, what is -3947 + 0?
-3947
In base 12, what is 199 + -37?
162
In base 16, what is 891 + d?
89e
In base 9, what is -260063 + -5?
-260068
In base 14, what is 5 - 15191?
-1518a
In base 7, what is 3 - 22560?
-22554
In base 8, what is 22573 + -10?
22563
In base 12, what is 54 - 426?
-392
In base 16, what is -1 + a83b6?
a83b5
In base 4, what is 22002022012 - -3?
22002022021
In base 14, what is -12 + 109c?
108a
In base 5, what is 444 + 1231421?
1232420
In base 16, what is -2c - 32276?
-322a2
In base 4, what is -3110303 + 101?
-3110202
In base 11, what is 332 - -7a?
401
In base 16, what is 214af9 + 2?
214afb
In base 2, what is -10 - -100000100001011?
100000100001001
In base 16, what is 180b + 50?
185b
In base 13, what is -96 - -193?
ca
In base 13, what is -39b - 6?
-3a4
In base 16, what is 396d + -3?
396a
In base 9, what is 74744 + -4?
74740
In base 16, what is -666f - 5?
-6674
In base 12, what is 636 + 4?
63a
In base 3, what is 1111 + -2120012?
-2111201
In base 10, what is -627 - 131?
-758
In base 7, what is 4 + 441155?
441162
In base 13, what is 75 + -249?
-1a4
In base 4, what is 3123332 - -11?
3130003
In base 13, what is 3c1 + -35?
389
In base 4, what is 1000121221 + 33?
1000121320
In base 7, what is 34 - 21465?
-21431
In base 11, what is 848 + -100?
748
In base 4, what is -121303120 - 0?
-121303120
In base 11, what is -3 - 207710?
-207713
In base 4, what is 1 + 3113221002?
3113221003
In base 10, what is -206 - 53?
-259
In base 5, what is -4 - 312134?
-312143
In base 6, what is -25304 + 105?
-25155
In base 13, what is -3c + -23a?
-279
In base 6, what is 1 - 122251?
-122250
In base 7, what is -30 - -1023?
663
In base 14, what is -5 + -3707?
-370c
In base 9, what is 28 - 837?
-808
In base 14, what is 4 + 10b645?
10b649
In base 10, what is -11920 - 63?
-11983
In base 7, what is 250 + 432?
1012
In base 11, what is 0 + 10347?
10347
In base 10, what is -2 - -70033?
70031
In base 5, what is -1303141 + 2?
-1303134
In base 5, what is -4100423 - 0?
-4100423
In base 7, what is -1416522 + -4?
-1416526
In base 7, what is -301206 + 1?
-301205
In base 11, what is -a5a + 228?
-832
In base 11, what is -192 + 27a?
98
In base 12, what is 31242 - 4?
3123a
In base 3, what is 12102101111 + -10?
12102101101
In base 4, what is 1331 + -32131?
-30200
In base 16, what is -103 - -c84?
b81
In base 15, what is -11c + 1e4?
c7
In base 13, what is -2 + 222?
220
In base 15, what is 95e + -196?
7b8
In base 6, what is -503 - -50?
-413
In base 11, what is 6963 + 137?
6a9a
In base 16, what is -12caa + -6?
-12cb0
In base 13, what is -b6b13 + 0?
-b6b13
In base 9, what is 2445 + 78?
2534
In base 16, what is -2b + -3459?
-3484
In base 14, what is -472 - 110?
-582
In base 7, what is -106401 - 10?
-106411
In base 12, what is 39 + -4b8ba?
-4b881
In base 10, what is -2003 + -5?
-2008
In base 12, what is -123 + -7b1?
-914
In base 16, what is -3d - -132?
f5
In base 13, what is -aa38 - -7?
-aa31
In base 3, what is -201120 - -21121?
-102222
In base 9, what is 33086 + -10?
33076
In base 13, what is 199b + -11?
198a
In base 9, what is -33 - 767?
-811
In base 11, what is 52506 + 4?
5250a
In base 6, what is -5 + 402522?
402513
In base 14, what is 77a - -12?
78c
In base 11, what is -166 - -148?
-19
In base 4, what is 102 + 211112?
211220
In base 11, what is 70a45 - -a?
70a54
In base 4, what is -1012113203 - -2?
-1012113201
In base 4, what is -22032221023 - 3?
-22032221032
In base 5, what is 0 + -40322244?
-40322244
In base 15, what is -28b2c - -5?
-28b27
In base 5, what is -1320111 + -1?
-1320112
In base 10, what is 2